411
List the prime factors of 212084.
2, 37, 1433
What are the prime factors of 9516992?
2, 37, 4019
What are the prime factors of 6257736?
2, 3, 29, 37
What are the prime factors of 5154812?
2, 13, 99131
What are the prime factors of 803515?
5, 271, 593
List the prime factors of 1166339.
199, 5861
List the prime factors of 179278.
2, 11, 29, 281
List the prime factors of 6808388.
2, 29, 58693
List the prime factors of 12321916.
2, 3080479
List the prime factors of 4453949.
17, 37, 73, 97
List the prime factors of 468370.
2, 5, 7, 6691
What are the prime factors of 5286?
2, 3, 881
List the prime factors of 4885397.
11, 444127
List the prime factors of 26418225.
3, 5, 163, 2161
What are the prime factors of 28331721?
3, 11, 95393
List the prime factors of 825274.
2, 412637
What are the prime factors of 700291?
587, 1193
What are the prime factors of 4248469?
601, 7069
List the prime factors of 23338.
2, 7, 1667
List the prime factors of 551707.
13, 31, 37
List the prime factors of 36265.
5, 7253
What are the prime factors of 5541195?
3, 5, 11, 43, 71
List the prime factors of 3758037.
3, 17, 31, 2377
List the prime factors of 322873.
61, 67, 79
What are the prime factors of 2544895?
5, 29, 17551
What are the prime factors of 335521?
19, 17659
What are the prime factors of 971985?
3, 5, 7, 9257
What are the prime factors of 3825231?
3, 67, 19031
List the prime factors of 1632969.
3, 13, 17, 821
List the prime factors of 9720680.
2, 5, 73, 3329
List the prime factors of 24394.
2, 12197
What are the prime factors of 608298?
2, 3, 101383
What are the prime factors of 30247477?
13, 73, 31873
List the prime factors of 588809.
13, 45293
What are the prime factors of 5745475?
5, 229819
What are the prime factors of 432399?
3, 11, 13103
List the prime factors of 3036685.
5, 607337
List the prime factors of 56567.
7, 8081
What are the prime factors of 283810?
2, 5, 101, 281
List the prime factors of 1753824.
2, 3, 18269
List the prime factors of 180745.
5, 37, 977
What are the prime factors of 27235531?
19, 127, 11287
List the prime factors of 17455.
5, 3491
List the prime factors of 999549.
3, 17, 47, 139
List the prime factors of 945479.
945479
What are the prime factors of 431299?
11, 39209
List the prime factors of 9604904.
2, 37, 877
List the prime factors of 27816954.
2, 3, 11, 421469
What are the prime factors of 3356824?
2, 419603
What are the prime factors of 15294850?
2, 5, 149, 2053
List the prime factors of 2724216.
2, 3, 11, 17, 607
List the prime factors of 255866.
2, 13, 757
List the prime factors of 479957.
479957
What are the prime factors of 1092295?
5, 218459
What are the prime factors of 1513461?
3, 229, 2203
List the prime factors of 642373.
642373
List the prime factors of 149875.
5, 11, 109
What are the prime factors of 5532362?
2, 11, 22861
List the prime factors of 7796.
2, 1949
List the prime factors of 344120.
2, 5, 7, 1229
What are the prime factors of 970582?
2, 97, 5003
List the prime factors of 306058.
2, 137, 1117
List the prime factors of 6715463.
37, 181499
List the prime factors of 40382198.
2, 1009, 20011
List the prime factors of 721563.
3, 19, 12659
List the prime factors of 418030.
2, 5, 17, 2459
List the prime factors of 4594962.
2, 3, 765827
What are the prime factors of 604723?
7, 86389
List the prime factors of 31017401.
17, 857, 2129
List the prime factors of 138806.
2, 69403
List the prime factors of 1416177.
3, 7, 59, 127
What are the prime factors of 85998?
2, 3, 11, 1303
List the prime factors of 826458.
2, 3, 137743
List the prime factors of 349897.
31, 11287
What are the prime factors of 21856650?
2, 3, 5, 19, 7669
What are the prime factors of 3301361?
7, 41, 11503
List the prime factors of 6000189.
3, 13, 137, 1123
List the prime factors of 348178.
2, 107, 1627
List the prime factors of 749960.
2, 5, 18749
What are the prime factors of 6091790?
2, 5, 609179
List the prime factors of 5286748.
2, 47, 61, 461
What are the prime factors of 2380398?
2, 3, 396733
List the prime factors of 147079.
19, 7741
What are the prime factors of 551304?
2, 3, 13, 19, 31
List the prime factors of 2468498.
2, 23, 103, 521
List the prime factors of 1484855.
5, 296971
What are the prime factors of 317725?
5, 71, 179
List the prime factors of 159294.
2, 3, 139, 191
List the prime factors of 33684.
2, 3, 7, 401
List the prime factors of 269899.
7, 38557
List the prime factors of 448798.
2, 7, 32057
What are the prime factors of 537991?
537991
What are the prime factors of 11869096?
2, 1483637
List the prime factors of 7919120.
2, 5, 11, 8999
What are the prime factors of 1441550?
2, 5, 11, 2621
What are the prime factors of 190249?
190249
List the prime factors of 1704718.
2, 19, 113, 397
What are the prime factors of 229450?
2, 5, 13, 353
What are the prime factors of 285488?
2, 7, 2549
What are the prime factors of 2734445?
5, 7, 11161
List the prime factors of 555898.
2, 7, 59, 673
What are the prime factors of 22303?
22303
List the prime factors of 12766649.
7, 67, 163, 167
What are the prime factors of 2496792?
2, 3, 104033
List the prime factors of 25570910.
2, 5, 53, 48247
List the prime factors of 466099.
47, 211
What are the prime factors of 5089725?
3, 5, 22621
List the prime factors of 10411135.
5, 7, 109, 2729
What are the prime factors of 1644262?
2, 822131
List the prime factors of 7225406.
2, 3612703
List the prime factors of 943582.
2, 471791
List the prime factors of 88280.
2, 5, 2207
What are the prime factors of 81437?
31, 37, 71
What are the prime factors of 3214085?
5, 7, 131, 701
List the prime factors of 357642.
2, 3, 37, 179
List the prime factors of 367755.
3, 5, 24517
List the prime factors of 433198.
2, 167, 1297
List the prime factors of 17038434.
2, 3, 7, 405677
List the prime factors of 13611312.
2, 3, 11, 13, 661
List the prime factors of 1080164.
2, 31, 281
What are the prime factors of 6544046?
2, 3272023
What are the prime factors of 30085937?
7, 17, 252823
List the prime factors of 287081.
107, 2683
What are the prime factors of 11271265?
5, 23, 98011
What are the prime factors of 105883?
105883
List the prime factors of 246448.
2, 73, 211
List the prime factors of 1862095.
5, 17, 19, 1153
What are the prime factors of 639561?
3, 13, 23, 31
What are the prime factors of 979498?
2, 13, 101, 373
List the prime factors of 413504.
2, 7, 13, 71
What are the prime factors of 6811996?
2, 37, 46027
List the prime factors of 1019814.
2, 3, 29, 5861
List the prime factors of 1149788.
2, 223, 1289
What are the prime factors of 1163977?
1163977
What are the prime factors of 1105134?
2, 3, 184189
What are the prime factors of 1110228?
2, 3, 7, 13217
List the prime factors of 12876084.
2, 3, 13, 1019
What are the prime factors of 3758627?
3758627
What are the prime factors of 109344?
2, 3, 17, 67
List the prime factors of 329381.
13, 1949
What are the prime factors of 191717?
191717
List the prime factors of 4259251.
4259251
List the prime factors of 10493706.
2, 3, 1748951
What are the prime factors of 4662778?
2, 163, 14303
What are the prime factors of 201461?
13, 15497
List the prime factors of 800790.
2, 3, 5, 26693
List the prime factors of 260940.
2, 3, 5, 4349
List the prime factors of 4843011.
3, 17, 94961
What are the prime factors of 289221?
3, 17, 53, 107
What are the prime factors of 23759162?
2, 7, 1697083
What are the prime factors of 24539465?
5, 101, 48593
What are the prime factors of 43938?
2, 3, 2441
List the prime factors of 18230.
2, 5, 1823
List the prime factors of 62966.
2, 19, 1657
What are the prime factors of 879700?
2, 5, 19, 463
List the prime factors of 32341365.
3, 5, 7, 83, 1237
List the prime factors of 104248.
2, 83, 157
What are the prime factors of 1620969?
3, 7, 11027
List the prime factors of 2446855.
5, 23, 21277
What are the prime factors of 4495864?
2, 561983
List the prime factors of 9726190.
2, 5, 37, 97, 271
List the prime factors of 510458.
2, 13, 29, 677
List the prime factors of 581993.
53, 79, 139
What are the prime factors of 25109575?
5, 83, 12101
List the prime factors of 209585.
5, 167, 251
What are the prime factors of 238001?
238001
What are the prime factors of 132014?
2, 149, 443
List the prime factors of 14368028.
2, 19, 97, 1949
List the prim